ommon factor of 70 and p.
14
Let r = -49 - -89. Let d = -49 - -69. Suppose 15*a = 14*a + d. What is the highest common factor of r and a?
20
Suppose 4*t - 6 = 10. Let z(m) = 6*m - 6. Let r be z(t). Calculate the greatest common factor of 9 and r.
9
Let y = 573 - 288. Suppose 5*n - 91 = -s, -3*n = 5*s - 2*s - y. Let k = -63 + 75. Calculate the greatest common divisor of s and k.
12
Let y be 924/112*4 - 27. Let c be 4/(-14) - 338/(-7). What is the highest common factor of y and c?
6
Suppose k - 155 - 98 = 0. Calculate the highest common divisor of 11 and k.
11
Let g(t) = t**2 - 10*t + 14. Let n be g(6). Let h be (-4062)/(-7) + (-2)/7. Let l be n/4*h/(-50). Calculate the highest common divisor of l and 58.
29
Let j = 35 - 32. Suppose j*d = -8 + 23. Calculate the greatest common divisor of 5 and d.
5
Let x = 18 - -32. Let u(p) = 4*p**2 + 2*p. Let t be u(2). What is the greatest common factor of x and t?
10
Let g = -136 - -459. Calculate the greatest common divisor of 19 and g.
19
Let c be 7/(1 - (0 + 3 + -3)). What is the greatest common divisor of 189 and c?
7
Let d(f) be the third derivative of f**6/120 - f**5/60 - f**4/6 - 3*f**2. Let q = 7 - 2. Let c be d(q). Calculate the highest common divisor of c and 40.
40
Let w(u) = 3*u**2 + 25*u + 3. Let r be w(7). Calculate the highest common factor of 25 and r.
25
Suppose j - l + 19 = -2*l, 0 = 4*j - l + 51. Let w be (-416)/j + (-2)/(-7). Let c = 51 - 41. What is the greatest common divisor of w and c?
10
Suppose -5*b + 230 = -5*c, 3*b - 131 = -c - 3*c. Suppose -5*l + 99 - 24 = 0. Calculate the highest common divisor of b and l.
15
Let v(m) = -m**3 - 2*m**2 - m - 1. Let d be v(-2). Suppose -2*q = -5 + d. Let p = 22 + q. What is the greatest common divisor of p and 144?
24
Let s = -370 + 397. Calculate the greatest common factor of s and 459.
27
Let c = -33 - -30. Let g = c - -13. Suppose -7*i - 216 = -g*i. Calculate the highest common factor of i and 48.
24
Let n = -836 - -874. What is the greatest common divisor of n and 2318?
38
Suppose -23*u + 3616 = 626. What is the greatest common factor of 10 and u?
10
Suppose -3*u + 3*w = -237, -5*u = 11*w - 10*w - 413. What is the greatest common factor of 1681 and u?
41
Suppose 18 = 2*i + 88. Let q be (-336)/i - 2/(-5). Let a be (-2)/q - 61/(-5). Calculate the highest common factor of a and 3.
3
Let m = -1577 - -1610. Suppose -2*h + 1452 = 2*h. What is the greatest common factor of h and m?
33
Let g(u) = u**3 - 5*u + 3*u + 0 - 2*u**2 - 2 + 0. Let f be g(5). Calculate the highest common factor of 7 and f.
7
Suppose -5*s + 10 = -0*s. Let u(h) = 1 + 3*h**s - 8 + 5*h + 5 - h**3. Let o be u(-4). Calculate the greatest common divisor of o and 18.
18
Suppose l - 2*r - 329 = 0, 624 + 682 = 4*l - 3*r. Let b = -22 + 59. Let x = l - b. Calculate the greatest common divisor of x and 32.
32
Let t(c) = 57*c + 260. Let i be t(-4). Let l(x) = x**2 + 4*x - 1. Let m be l(-5). What is the highest common divisor of i and m?
4
Suppose 4*u + 4*a - 176 = 0, 2*u - 84 = -5*a + 10. Let v = -30 + 53. Let n = 29 - v. What is the highest common factor of n and u?
6
Suppose 20*y - 24*y - 5*f = -160, 0 = -4*y - 4*f + 156. Calculate the greatest common divisor of 56 and y.
7
Suppose 87*z - 95*z = -144. Suppose 0*p + 5 = -p. Let y(b) = -b**3 - 4*b**2 + 4*b - 3. Let n be y(p). What is the greatest common factor of n and z?
2
Let y(t) = t**2 + 10*t - 5. Let m be y(-5). Let l = m + 56. Suppose -4*f = -6*f + l. What is the greatest common factor of f and 26?
13
Suppose -12*i = -8*i - 236. Suppose 17 = -l + i. What is the greatest common divisor of 6 and l?
6
Suppose y = 3*m - 7, -4*m - 9 = -25. Suppose -5*g + 23 = -s, -4*g + y*g - 10 = 2*s. Calculate the greatest common divisor of 22 and g.
2
Let a = -36 + 124. Let z(i) = -i**3 + 13*i**2 - 19*i + 470. Let b be z(14). What is the greatest common divisor of b and a?
8
Suppose 24 = 5*d + j + 3, -3*d = j - 11. Suppose -4*g + 1 = d. Let b be (2 + -638)/(-2) - g. What is the highest common factor of b and 29?
29
Let k be 2 - (-6)/18*3. Suppose -2*n + 5 = k*n, g + 5*n = 49. What is the highest common factor of g and 308?
44
Suppose -19 = -i + 5. Let f = -23 - -47. What is the greatest common factor of i and f?
24
Let m(t) = -37*t + 591. Let d be m(0). What is the greatest common divisor of d and 3?
3
Suppose 1054 + 1706 = 5*u. What is the greatest common divisor of u and 24?
24
Suppose -b + m = -12 - 6, -5 = -m. Let h(r) = 9*r**3 - 3*r**2 - 2*r. Let i be h(-1). Let f be (-5)/i*-2*-46. Calculate the highest common factor of f and b.
23
Let a(h) = 2*h**2 + 18*h + 7. Let l be a(-9). Let t be 6/l*(0 + 168)/4. Calculate the highest common divisor of t and 12.
12
Let r(d) = -35*d - 155. Let j be r(-6). What is the greatest common factor of j and 1265?
55
Let p = -53 - -51. Suppose 0*t = -t + 20. Let g be t + 6*1/p. Calculate the highest common factor of 187 and g.
17
Let g be 93*7/15 + 4/(-10). Suppose 2*f = m - 32, 2*m - g = f + 30. Calculate the highest common divisor of 2 and m.
2
Let a(k) = 2*k + 3. Let y(w) = w + 12. Let l be y(-6). Let b be a(l). What is the highest common factor of b and 15?
15
Suppose 0 = -5*d + 1327 - 222. Calculate the highest common factor of d and 17.
17
Let g(j) = j**3 - 11*j**2 + 21*j + 1. Let h be g(9). Suppose 2*v + 5*v - h = 0. Calculate the greatest common divisor of 4 and v.
4
Let l be (1 - (-2 + 2))*6. Let h be 300/18*l/5. What is the greatest common factor of h and 60?
20
Let d be 2/(-6) + 8/6. Let i be -10 - (3 + -2) - d. Let l be 14/i*(-12 + 6). What is the highest common factor of l and 1?
1
Let i(p) = 106*p**3 - 2*p**2 + p. Let k be i(1). Let q(c) = 10*c**2 + 11*c - 20. Let r be q(2). What is the highest common divisor of k and r?
21
Let m(q) = 135*q**2 + 4*q + 1. Let w be m(2). What is the highest common factor of w and 61?
61
Suppose -t = -q - 211, -9*q + 5*q - 1051 = -5*t. Calculate the highest common factor of t and 23.
23
Suppose -1438 = 6*f - 2008. What is the greatest common factor of f and 5?
5
Let d be -1 + (-2)/((-2)/7). Let z(n) = -10*n**3 - n + 0 + 12 + 9*n**3 + 6*n**2. Let i be z(6). What is the highest common divisor of d and i?
6
Let x = 368 + -360. What is the greatest common divisor of x and 168?
8
Suppose 8197 = 8*n + 7525. Let g(b) = b**2 + b. Let s be g(-4). Calculate the highest common factor of s and n.
12
Suppose -88*a = -80*a - 240. Let v(d) = -d. Let y be v(-6). What is the greatest common divisor of y and a?
6
Let g(n) = 6*n + 18. Let b be g(-2). What is the highest common divisor of b and 222?
6
Let a(f) = -f**3 + 10*f**2 - 8*f - 1. Let k be a(8). Let j be -2 - (-3 + (4 - -3)). Let o = j + 15. What is the highest common divisor of o and k?
9
Let n(u) = -u**3 + 3*u**2 + 4*u. Let q be n(7). Let s be (1/2)/((-7)/q). Let l be (-5)/((-20)/s) + 8. What is the highest common divisor of l and 99?
11
Let j be (30/7)/((-1)/7). Let b = 90 - j. What is the highest common divisor of 40 and b?
40
Suppose -7 - 63 = -14*b. Suppose z = 0, 3*z = -3*t - 2 + b. What is the highest common divisor of 5 and t?
1
Let q(n) = 2*n**3 + 6*n**2 + 4*n + 1. Let u be q(-4). Let a = -36 - u. Let t be (22/8)/((-8)/(-256)). What is the highest common factor of t and a?
11
Suppose -x = 5*l - 166, 0 = 3*l + 5*x - 72 - 10. Calculate the greatest common divisor of l and 2.
2
Suppose y + 0*y - s = -4, 0 = y - 3*s + 14. Let f = 18 + -18. Suppose f = t - 3 + y. Calculate the highest common divisor of 8 and t.
2
Suppose 0 = -3*m + 4*z + 64, -94 = 144*m - 148*m + z. What is the greatest common divisor of 57 and m?
3
Suppose -19*u + 335 = 107. What is the greatest common divisor of 16 and u?
4
Suppose z + 4*r - 37 = 0, -4*z = 10*r - 9*r - 88. Calculate the highest common divisor of z and 196.
7
Suppose 3*d - 859 = -2*k, 5*d - 297 = -3*k + 989. Calculate the greatest common factor of k and 38.
19
Let f be 1300/3 + -1 + 51/(-153). Calculate the greatest common divisor of f and 96.
48
Let q = 64 + -14. Let x be 77 + (-2 - (-2 + 2)). Calculate the greatest common divisor of q and x.
25
Let s be (3/6)/(32/640). What is the greatest common divisor of s and 220?
10
Let w = 2 - 1. Let m be w*(17 + (-2 - 0)). Let i = 30 - 27. Calculate the greatest common factor of i and m.
3
Suppose 5*d + 3*m = 82, 89 = 5*d - 4*m - 0*m. Calculate the hig